1049 = 0. List the prime factors of a.
191
Suppose w = -v + 45, 165 = 4*w - 0*v + v. Suppose 3*o - 17 = 3*i + 4, o - w = 4*i. Let y = -6 - i. What are the prime factors of y?
5
Let u(f) = 7*f - 2. Let h be u(4). Suppose 0*t + h = 4*t - 2*v, -2*t - 4*v - 2 = 0. Suppose p - 7 = t. List the prime factors of p.
2, 3
Let g = 20 - 11. What are the prime factors of (3/g)/((-4)/(-300))?
5
Suppose -7*f + 3*f = 2*r - 4, -3*f - 11 = -2*r. Let t be f/(-3) + (-5)/(-3). Suppose 11 = t*g - g. List the prime factors of g.
11
List the prime factors of (0 + 3)*(3 + (-6)/18).
2
Let u(a) = a**3 - 8*a**2 - 4*a + 19. List the prime factors of u(9).
2
List the prime factors of (-40)/(-100) - 333/(-5).
67
Suppose 5*u + 81 = 31. Let v = 19 + u. List the prime factors of v.
3
Let b(v) = 2*v**3 - v - 2. Let y be b(-2). Let r = y + 27. What are the prime factors of r?
11
Suppose h + 2*h + 39 = 3*f, f + 3*h = 1. What are the prime factors of f?
2, 5
Suppose -9 = a - 4*a. Suppose -a*v - 1 = 8. What are the prime factors of (-6)/(-4)*(-8)/v?
2
What are the prime factors of 0/(-4) + (-5 - -17)?
2, 3
Let w(o) = o**2 - 6*o + 4. Let i be w(6). Suppose 16 = 4*u, 28 = -0*y + i*y + 2*u. What are the prime factors of 36/15*(y - 0)?
2, 3
Suppose 6*t + 9 = 93. What are the prime factors of t?
2, 7
Suppose -2*s + 1218 = s. List the prime factors of s.
2, 7, 29
Let n(u) = u**2 - u - 32. Let z be n(0). Let w = -36 + 16. List the prime factors of (z/w)/(2/5).
2
Let a = -5 + 7. Suppose 0 = -a*k + 5*k - 12. What are the prime factors of -2*5*(-2)/k?
5
Suppose 6 - 81 = 5*l. Let u = 3 + -2. What are the prime factors of 18/l*(-10)/u?
2, 3
Let w(k) = 5*k + 4. List the prime factors of w(3).
19
Let z(w) be the first derivative of -1/3*w**3 + 5/2*w**2 - 3*w + 1. List the prime factors of z(3).
3
List the prime factors of (-3)/(-18) - 894/(-36).
5
Suppose -17 = -2*m + m. What are the prime factors of m?
17
Suppose -3*y = b - 8, -b + 4*y = 2*b + 2. Let c be ((-36)/(-15))/(b/(-10)). What are the prime factors of (4/2)/((-3)/c)?
2
Suppose 0*t - 50 = -t. Suppose 3*l + 5 = -2*p, t = 5*p - 0*l - 5*l. Let r(z) = z - 3. What are the prime factors of r(p)?
2
Suppose -5*b - 4 = 6. List the prime factors of (b + 5)/(9/24).
2
Let n(w) = 10*w + 21. List the prime factors of n(17).
191
Suppose -y + 16 = -3*r - 10, y = -r + 14. Suppose -47 = -3*q - y. What are the prime factors of q?
2, 5
Suppose -t - 12 - 7 = -3*m, -4*m + 30 = t. Let z(l) = 6*l - 13. List the prime factors of z(m).
29
Suppose 2*d - n + 0*n = 397, 186 = d + 2*n. List the prime factors of d.
2, 7
What are the prime factors of 8 + -5 + 1 + 63?
67
Let v(t) = 12 + t**3 + 0*t - t + 9*t**2 - 19*t**2. Let x be v(10). Suppose z = 5*l - 0 - x, -26 = -2*z - 5*l. List the prime factors of z.
2
Suppose -3*o + 4*z + 482 = 0, 0 = 5*o - z + 96 - 905. List the prime factors of o.
2, 3
Suppose -1 + 2 = -b. Let d be (b - 2/(-6))*-3. Suppose 5*m + d = 2*u, -u - m + 0*m = -8. What are the prime factors of u?
2, 3
What are the prime factors of ((-47)/(-3))/(6/18)?
47
Let i(o) be the first derivative of o**4/4 - o**3/3 - o**2/2 + 3*o - 1. Let u be 0 + (0 - 0)/3. List the prime factors of i(u).
3
Let p(r) = -6*r**2. Let n be p(-1). Suppose -s - 21 + 3 = 0. List the prime factors of (s/12)/(n/32).
2
Suppose -4*k = -195 - 229. What are the prime factors of k?
2, 53
Let l be ((-1)/3 + -1)*-3. Suppose g + 19 = -0*g + 5*m, -32 = 5*g - l*m. What are the prime factors of (-43)/g - 9/12?
2, 5
Suppose h + d - 36 = 0, -2*d = -6*d - 8. List the prime factors of h.
2, 19
Let k be ((-8)/6)/(3/(-9)). Suppose -2*z + k = -6. Suppose 0 = -z*o - 21 + 61. List the prime factors of o.
2
Suppose -20 = 5*l, -20 = -4*n + 5*l - 4*l. Let q = n + -13. What are the prime factors of (q/6 - -2)*6?
3
Let f(k) = 26 + 9 + 13 - k**3 + 6 - k. What are the prime factors of f(0)?
2, 3
Let p be 0 - (-5 + (-2 - -5)). Suppose 2*h - 22 = -4*g, g = -5*h - p*g + 20. What are the prime factors of (h - 43)*(-8)/24?
2, 7
Let q(d) = 3*d - 9. Let a be q(6). Suppose -8 = -2*p - x, -2*x = -5*p + a + 2. Suppose 2*l = -5*u + 35, -u - p*l = -21 + 1. List the prime factors of u.
5
Let u(g) = g**2 + 7*g + 6. Let f be u(-6). Suppose f = -4*l - c + 5 + 16, -2*c = -3*l + 2. What are the prime factors of l?
2
Let x(t) = -5*t - 5. Let y be x(-3). Suppose -10 = -5*q + 4*m - 1, -2*q - y = -5*m. What are the prime factors of q?
5
Let i(l) be the second derivative of 1/4*l**4 - 1/20*l**5 + 0 - 2*l + 2*l**2 + 1/2*l**3. List the prime factors of i(3).
13
Let s(q) = 22*q - 3. Let h be s(3). Let c = h - 7. What are the prime factors of c?
2, 7
Let g(h) = 2*h. Let w(d) = d + 1. Let f(k) = -g(k) - 2*w(k). List the prime factors of f(-6).
2, 11
Let z(g) = g + 10. Let b be z(-8). Suppose -30 = -w - b*w. What are the prime factors of (1 - (-14)/w)*5?
2, 3
List the prime factors of (2 + 0/4)*4.
2
Suppose 8 = 2*l, -2*l + 350 = 3*j + 3*l. What are the prime factors of j?
2, 5, 11
Let w(r) = r**3 + 5*r**2 + 3*r - 1. Let f be w(-4). Suppose t = -0*z + 2*z + 13, 3*t + f*z = 3. Let p = t + -3. What are the prime factors of p?
2
Suppose 2*n + n - 3 = 0, 5*t + 2*n + 18 = 0. Suppose -30 = 5*l + 10. Let y = t - l. What are the prime factors of y?
2
Let m(p) = p**2 - 6*p + 4. Let i be m(5). Let f be (4 + -4)/(i - -2). Let o = f + 4. List the prime factors of o.
2
Let q(d) be the second derivative of d**5/20 - d**4/2 - d**3 + 7*d**2/2 + 12*d. Let j(v) = v + 3. Let a be j(4). List the prime factors of q(a).
2, 7
Let y be (1 - 4)*(-1)/(-3). Let j = y + -2. What are the prime factors of ((-22)/3)/(2/j)?
11
Suppose -2*f + o + 3 = 0, -f + 4*f + o = 12. Suppose 3*y + l = 89, -5*y + 0*l = -f*l - 125. What are the prime factors of y?
2, 7
Let o(r) = 3*r - 3*r + 0*r + 9*r**2 - r. List the prime factors of o(-1).
2, 5
Suppose 0 = 3*p - 3*j - 6, -2*p + 13 = p + 4*j. Let q be ((-1)/(-3))/(p/297). What are the prime factors of q/6 + (-2)/4?
5
Suppose 10 = 5*t + 3*h, -5*t + 0*h + h + 10 = 0. What are the prime factors of (-11)/(-2)*(0 + t)?
11
Suppose 4*r = -5*z + 172, -5*z = -2*r + r + 18. List the prime factors of r.
2, 19
Suppose 2*h + 237 = 5*r, -h + 5*h + 239 = 5*r. List the prime factors of r.
47
Let s be (24/(-9))/(4/(-6)). Suppose 5*v + 2*f = 158, -s*v + 94 = -v + f. List the prime factors of v.
2, 3, 5
Suppose -3*d - 17 = -2*f - 2*f, -2*d - 5*f + 4 = 0. Let s be ((-45)/(-21) + d)*-28. Suppose 3*q - 3*k = s, -k - k + 40 = 5*q. What are the prime factors of q?
2
What are the prime factors of -685*((-2)/25)/(1/5)?
2, 137
Suppose -v = 4 - 2, 4*v = 4*q - 48. Suppose -7 = -d + q. List the prime factors of d.
17
Let c = -8 + 18. List the prime factors of c.
2, 5
Let w(y) = -4*y + 61. Let l(o) = -o + 15. Let j(v) = 9*l(v) - 2*w(v). List the prime factors of j(6).
7
Let y = -67 - -26. Suppose 0*u = 5*m - 2*u + 114, 54 = -2*m - 2*u. Let f = m - y. List the prime factors of f.
17
Let i(n) = -n**2 + 6*n - 3. Let f be i(5). Suppose 2*q = 5*l - 35, 0*q = -f*l + 2*q + 20. List the prime factors of l.
5
List the prime factors of 351/4 + 3/(-4).
3, 29
Let j(n) = 7*n**3 + n**2 + 6*n - 9. Let h(c) = 20*c**3 + 2*c**2 + 17*c - 26. Let s(m) = -6*h(m) + 17*j(m). List the prime factors of s(5).
3
List the prime factors of (4/(-3))/(10/(-285)).
2, 19
Let y(g) = g**3 - 5*g**2 + 5*g - 1. Suppose -8 = -2*m, -2*o + 0*m - 3*m + 20 = 0. Let w be y(o). List the prime factors of ((-2)/(-6))/(w/45).
5
Let u = -248 - -383. List the prime factors of u.
3, 5
Let r be (-3)/(6/(-28)) - -1. Suppose -4*j - r = j. List the prime factors of (j/2 - -1)*-10.
5
Let a = 3 - 2. What are the prime factors of 2*(a + -2 - -9)?
2
Let k = -5 + 5. Suppose q + 3*s - 28 = k, -3*s = 5*q - 0*s - 116. What are the prime factors of q?
2, 11
Suppose -4*y + 6 = -5*y. Let c = y + 8. Suppose c*j = j + 14. What are the prime factors of j?
2, 7
Suppose -3*u = v - 9, -5*v = 2*u + 10 - 42. List the prime factors of v.
2, 3
Let m(x) = -2*x + 10. Let f(y) = 3*y - 15. Let t(j) = -5*f(j) - 7*m(j). Let z be t(0). Suppose -z*i = -7 - 8. What are the prime factors of i?
3
Let w = 7 + -5. Suppose r = -2*r - 5*y + 9, w*y + 9 = 3*r. What are the prime factors of r?
3
Suppose -5*h + 10*h - 15 = 0, 0 = s + 3*h - 18. Let r = s + 6. What are the prime factors of r?
3, 5
Let i(v) be the first derivative of 1/3*v**3 + 0*v**2 + 9*v 